5). Let r = l - -20. Suppose -r = -a + 75. Is a a prime number?
False
Let y be (-23)/(-5) + 8/20. Suppose -3*x + y*s + 1684 = 0, -5*s + 1278 = 2*x + 147. Is x a prime number?
True
Suppose -3*j + 40 = 5*p + 12, -5 = 5*j - 2*p. Is (-3 + 2 - j) + 0 + 955 a prime number?
True
Let j be 17/4 + (-6)/(-8). Suppose -4*q + 1199 = 2*y - 5*q, j*y - 5*q = 3005. Suppose 0 = -4*r - 162 + y. Is r prime?
True
Let a = -19 - -31. Let s(r) = -10*r**2 - 21*r + 11. Let w(y) = -29*y**2 - 62*y + 34. Let j(l) = 17*s(l) - 6*w(l). Is j(a) composite?
False
Is ((-40494)/2)/((-6 - -1) + 2) a composite number?
True
Let y(o) = 2870*o - 617. Is y(19) prime?
False
Suppose -w + 5714 = 4*p - 2394, -8108 = -4*p + 5*w. Is p a prime number?
True
Suppose k + 11 = 3*q - k, -4*k = 5*q - 33. Suppose 2*r - q*r + 3657 = 0. Is r a composite number?
True
Let s = 385 - 575. Let m = s + 401. Is m composite?
False
Is ((-452345)/(-15))/((-7)/(-21)) a prime number?
True
Suppose 0 = -3*f + 2*h + 5 - 12, 9 = -4*f + 3*h. Let u be (0/2)/((-9)/f). Suppose -4*w - v + 0*v + 1895 = 0, w - 2*v - 467 = u. Is w a prime number?
False
Suppose 5*t = -8 - 227. Let v = 284 - t. Is v composite?
False
Let o(d) = 2*d + 1334. Let y be o(0). Suppose n + 579 = -348. Let s = y + n. Is s prime?
False
Suppose -8 = 2*t + 4*l + 10, -t - 3*l - 11 = 0. Is 2722/(1/(t/(-10))) a prime number?
True
Let s(z) = z**2 + 5*z + 3. Let t(l) = -4*l**2 - 21*l - 11. Let a(o) = -9*s(o) - 2*t(o). Let p be a(-5). Is (-3)/(-12) - p/4 prime?
False
Let h = 62 + -100. Let l = h - -36. Is (6 + -10)*(1 + l) composite?
True
Is (-35252)/8*(-6)/21 prime?
True
Let q be (4 - 12 - -4) + -1 + 463. Let x = -5 - -8. Suppose v - 702 = x*d - 6*d, -4*v = 2*d - q. Is d a composite number?
True
Let r be 2/(-6) + (-602)/(-6). Let p(x) = 26*x - 25. Let q be p(13). Let y = r + q. Is y composite?
True
Suppose 3*r - 4*f - 14 = 4*r, -2*r - f = 14. Is ((-1)/(-2))/(7 + r)*262 composite?
False
Suppose 0 = -3*o + 12, j + 2*j - 14 = -2*o. Suppose 2*y - 6 = j*w, 0*w + 5*y - 15 = -w. Suppose 76 = 4*k - w*c + 3*c, -k = c - 19. Is k composite?
False
Let q = -43 - -46. Suppose 127 + 212 = q*b. Is b a prime number?
True
Suppose h + 5*p + 32 = -2, -38 = 3*h - p. Let a be (-2)/(-7) - 52/h. Suppose -149 = -n + a*o + 370, 2*o - 1038 = -2*n. Is n a composite number?
True
Let a be 3104/11 - 18/99. Suppose 2*m = 4*m + y - a, 5*y = 5*m - 675. Let t = m + -60. Is t prime?
True
Suppose -5*i - 56 = -i. Let c(d) = 15*d**2 + 2*d. Let h be c(3). Let l = i + h. Is l a composite number?
False
Suppose 2 = q - 3*q. Is (q/1)/(1/(-1402)*2) composite?
False
Let j(n) = 16*n**3 - 45*n**2 - 81*n + 45. Let g(k) = 3*k**3 - 9*k**2 - 16*k + 9. Let b be -2 + 0*(-3)/6. Let a(x) = b*j(x) + 11*g(x). Is a(11) prime?
True
Suppose -2*a = -4, a = 2*g - 7*g + 10267. Is g a prime number?
True
Let h(k) = -2*k**2 + 7*k + 2. Let z be h(5). Let f = 11 + z. Is -7*f*53/2 prime?
False
Suppose 5*o = -3*k + 69464, -3*k = -95*o + 93*o + 27794. Is o composite?
True
Suppose 4*a - 2*h - 174722 = 0, 2*h + 9 = 3. Is a a prime number?
False
Let j(t) = -98 + 114 - 6*t + t + 22*t - t**2. Is j(7) a composite number?
True
Let x be (104/12)/(-1 - 2450/(-2445)). Suppose -5*p + 447 + x = 0. Is p a composite number?
False
Let c(y) = 96*y**2 - 2*y + 1. Is c(2) a prime number?
False
Suppose 0*n = 5*n - 5*c - 30, 8 = -2*c. Suppose 0 = -n*o + 3 + 3. Suppose 4*d = -o*z + 1313, d = -0*d - 5*z + 324. Is d composite?
True
Suppose p - 2*f + 58 = -p, 24 = -p - 4*f. Let r = 423 + p. Is r composite?
True
Suppose 2*r - 5 = 7*r. Let t(h) = 25*h**2 - 2*h - 2. Is t(r) composite?
True
Suppose 0 = -3*i + 5*n + 6, -4*n = -n. Suppose i*y + 3*y - 1 = 3*g, 5*y - 7 = g. Suppose h - 2*h = -5*o - 97, -g*h = -o - 249. Is h a composite number?
True
Suppose 5048214 = 36*b - 2522766. Is b a composite number?
True
Let a = 1 - 0. Let j(x) = -x**2 + x - 1. Let l(g) = -48*g**2 - g - 2. Let f(h) = a*j(h) - l(h). Is f(-1) prime?
False
Let x = 26 - 24. Is (24 - 1)*2/x composite?
False
Let x = 3715 + -2042. Is x a prime number?
False
Let s(i) = -i**2 - i. Let a(z) = -24*z**2 - z + 12. Let w(b) = -a(b) - 3*s(b). Is w(5) a composite number?
False
Is 2/((-8)/(-410283)) + (-1)/(-4) prime?
False
Let w(g) = 623*g**2 + 6*g + 24. Is w(5) a prime number?
True
Let b = -21712 - -40029. Is b prime?
False
Suppose -3*f = -2*f - 5*k + 17, k = -f + 7. Let j(b) = 3 - 8 + 5*b**2 + 2 - f*b + 2. Is j(-7) composite?
True
Let l = 5558 + -1011. Is l prime?
True
Let t(l) = -422*l - 23. Let v be t(-8). Let m = v + -1522. Is m prime?
True
Suppose -3 + 11 = 2*k. Suppose -5*n + i + 3344 = 818, 2032 = 4*n + 2*i. Suppose 770 = k*l - n. Is l prime?
False
Suppose -n + 3 = 5. Let i be n*(5103/6)/(-9). Let s = i - -44. Is s a prime number?
True
Is 4*1/(-4) + -2 - -24640 prime?
False
Let g(d) = 3*d**3 - 3*d**2 - 10*d - 6. Let n be g(8). Suppose p + 0*z + 5*z = n, 3*p - 3*z - 3702 = 0. Is p prime?
False
Suppose -7*x + 17200 = -2*x - 3*f, -5*x + f = -17210. Suppose 0 = -u + x - 424. Is u prime?
True
Let x be 705/(-105) - 4/14. Let c(h) = -h**3 - 3*h**2 + h + 2. Is c(x) composite?
False
Let w = -494 - -693. Suppose z = 34 - w. Is 4/6 + z/(-9) composite?
False
Is ((-2110)/(-40))/(-3*(-4)/528) a composite number?
True
Suppose -8*s - 94 - 2 = 0. Is (-12350)/(-8) - s/(-16) composite?
False
Let d be 4/10 + (-456)/15. Let g be ((-24)/d)/((-2)/20). Let q = g + 27. Is q a composite number?
False
Let g be 1 + (-1 - -4) + 3. Suppose 2 = -6*n + g*n. Suppose 0 = -5*d - n*o + 397, -3*o + 4 = o. Is d a prime number?
True
Suppose 5*i - 3*i = 1060. Suppose 0 = -3*x + 4*y + 9, -3*x - y = -0*y - 9. Suppose -h = 3*k + h - 397, -x*h + i = 4*k. Is k composite?
False
Suppose 7*r = -88967 + 447584. Is r a prime number?
False
Suppose 7*c = 5*c - 5*s + 20724, 41434 = 4*c + 3*s. Is c composite?
False
Suppose -16*b + 18*b = 28. Let v be 4/b - 6/21. Is (-4 - v/(-2)) + 165 a prime number?
False
Let g = -5 + -1. Is (g/4 - (-93)/18)*537 a composite number?
True
Let a(s) = 6*s + 127. Let o = 97 + -97. Is a(o) composite?
False
Let m(q) = -q**2 + 2. Let l be m(0). Let v = -4 + l. Is (508/(-8))/(v/4) prime?
True
Let b = 24 - 24. Suppose 3*r - 46 - 1625 = b. Is r a composite number?
False
Suppose 4*w + 29 = 3*c, 8*c - 19 = 3*w + 3*c. Let z be (-22)/w + 3/12. Suppose -5*g + 193 = 4*q, -z*g + q + 146 = g. Is g a composite number?
False
Let j be (0/(-2))/(3 + -5). Suppose 0 = -h + 3*d + 19 - 6, 4*h = 2*d + 22. Suppose j = l + h*p - 313, 0 = -2*l + 3*p + 524 + 146. Is l composite?
True
Let j be ((-24)/(-9) + -2)/((-2)/6). Let m(h) = 3*h - 3 + 6*h**2 + h - 6*h. Is m(j) a prime number?
False
Suppose -715*m + 710*m + 10765 = 0. Is m a composite number?
False
Let w(j) = j**3 + 6*j**2 + 2*j + 15. Let m be w(-6). Suppose 188 = -h + m*h - 4*f, -5*h + 470 = -2*f. Is h a prime number?
False
Let q(x) = -8*x**2 + 18*x**2 - 267 + 266 - 16*x. Is q(-12) prime?
False
Let q = 24 - 21. Suppose -q*v + 5172 = -0*v. Suppose 4*o - v - 2256 = 0. Is o prime?
False
Let n(s) = s**3 + 8*s**2 - 12*s - 3. Let o be n(-9). Let t = o + -18. Is t prime?
False
Let w = -749 - -751. Suppose 46 = -5*s + 136. Suppose -w*n + s = -44. Is n prime?
True
Let p be (2 + 0)*(-5)/10 - -5. Suppose 0 = 5*z - 4*x + 7337 - 19852, p*z - 10012 = -2*x. Is z prime?
True
Is 2*3/(-21) - (-1063107)/133 a prime number?
True
Let c = 416 - -5076. Suppose -5*t + c = -2303. Is t composite?
False
Suppose -170*z = -166*z - 6356. Is z prime?
False
Let q = 7638 - 3877. Is q prime?
True
Suppose 5*m = 4188 + 2497. Is m prime?
False
Suppose 5*m - 4*v - 94215 = 0, 4*v - 51655 - 23681 = -4*m. Is m prime?
True
Suppose -2*w + 395 + 433 = 0. Suppose -130 = -u + 3*g, w - 1124 = -5*u + 3*g. Is u prime?
False
Let y = -1848 - -3245. Is y composite?
True
Let u = 3 + 6. Let l = -13 + u. Is ((-2)/l)/(5/1910) prime?
True
Let d = -8216 + 12417. Is d composite?
False
Let o(u) = -2*u + 22. Let g be o(9). Suppose -12 = g*h - 4*d, 0*h + d - 3 = -5*h. Suppose 0 = 4*w - h*w - 452. Is w a composite number?
False
Suppose 4*p = 5*i + 19, 4*p + i - 28 = -3*i. Is (p/5)/(6/705) a composite number?
True
Let a(l) = 34*l - 5. Suppose -k - 2*d - 6 = -5*d, 4*d - 16 = 0. Is a(k) composite?
False
Let f = 34 + -21. Suppose -4*u = -f + 1. Suppose 275 = 2*h - 3*l, -u*h + 5*l + 425 = 3*l. Is h a composite number?
True
Suppose 6*x - 15 = 3*x. Let s(